?
0
What is the units digit of 140948?
8
What is the tens digit of 801?
0
What is the units digit of 2431?
1
What is the units digit of 20896?
6
What is the tens digit of 20692?
9
What is the thousands digit of 1368?
1
What is the ten thousands digit of 18698?
1
What is the units digit of 1844?
4
What is the units digit of 93?
3
What is the thousands digit of 97021?
7
What is the thousands digit of 1084?
1
What is the units digit of 12286?
6
What is the ten thousands digit of 11749?
1
What is the thousands digit of 40559?
0
What is the ten thousands digit of 110472?
1
What is the units digit of 55146?
6
What is the tens digit of 3805?
0
What is the tens digit of 65633?
3
What is the units digit of 266?
6
What is the tens digit of 1556?
5
What is the thousands digit of 46237?
6
What is the ten thousands digit of 26912?
2
What is the hundreds digit of 103?
1
What is the ten thousands digit of 15690?
1
What is the thousands digit of 82759?
2
What is the tens digit of 2876?
7
What is the ten thousands digit of 13511?
1
What is the tens digit of 57321?
2
What is the units digit of 2872?
2
What is the units digit of 217?
7
What is the ten thousands digit of 12498?
1
What is the thousands digit of 14616?
4
What is the hundreds digit of 120698?
6
What is the units digit of 39095?
5
What is the tens digit of 19685?
8
What is the hundreds digit of 816?
8
What is the tens digit of 330?
3
What is the tens digit of 951?
5
What is the thousands digit of 8994?
8
What is the thousands digit of 5005?
5
What is the tens digit of 955?
5
What is the tens digit of 108?
0
What is the tens digit of 489?
8
What is the units digit of 2192?
2
What is the units digit of 30939?
9
What is the units digit of 66717?
7
What is the thousands digit of 66836?
6
What is the units digit of 1585?
5
What is the thousands digit of 2951?
2
What is the tens digit of 85?
8
What is the tens digit of 3810?
1
What is the hundreds digit of 12489?
4
What is the tens digit of 4131?
3
What is the units digit of 147813?
3
What is the tens digit of 145991?
9
What is the tens digit of 111593?
9
What is the units digit of 7520?
0
What is the units digit of 824?
4
What is the hundreds digit of 40093?
0
What is the hundreds digit of 7233?
2
What is the hundreds digit of 935?
9
What is the tens digit of 158?
5
What is the tens digit of 5891?
9
What is the hundreds digit of 436?
4
What is the units digit of 42442?
2
What is the units digit of 6808?
8
What is the units digit of 9627?
7
What is the hundreds digit of 1160?
1
What is the ten thousands digit of 10400?
1
What is the hundreds digit of 375?
3
What is the tens digit of 17715?
1
What is the tens digit of 1727?
2
What is the tens digit of 928?
2
What is the units digit of 10012?
2
What is the hundreds digit of 1302?
3
What is the tens digit of 415?
1
What is the units digit of 33290?
0
What is the units digit of 5732?
2
What is the units digit of 943?
3
What is the ten thousands digit of 130344?
3
What is the tens digit of 1989?
8
What is the thousands digit of 1005?
1
What is the tens digit of 482?
8
What is the tens digit of 5333?
3
What is the tens digit of 2549?
4
What is the hundreds digit of 591?
5
What is the units digit of 555?
5
What is the hundreds digit of 596?
5
What is the tens digit of 1959?
5
What is the tens digit of 2856?
5
What is the tens digit of 1419?
1
What is the thousands digit of 4742?
4
What is the thousands digit of 9733?
9
What is the hundreds digit of 1661?
6
What is the thousands digit of 6718?
6
What is the hundreds digit of 1598?
5
What is the units digit of 1049?
9
What is the units digit of 57735?
5
What is the hundreds digit of 1409?
4
What is the units digit of 1361?
1
What is the hundreds digit of 1868?
8
What is the thousands digit of 4838?
4
What is the ten thousands digit of 16620?
1
What is the hundreds digit of 7201?
2
What is the units digit of 3279?
9
What is the tens digit of 2655?
5
What is the tens digit of 158409?
0
What is the units digit of 331?
1
What is the thousands digit of 4846?
4
What is the tens digit of 20311?
1
What is the thousands digit of 17960?
7
What is the units digit of 2505?
5
What is the thousands digit of 1069?
1
What is the hundreds digit of 227?
2
What is the hundreds digit of 11959?
9
What is the units digit of 6853?
3
What is the tens digit of 3198?
9
What is the units digit of 71455?
5
What is the hundreds digit of 5950?
9
What is the tens digit of 6183?
8
What is the units digit of 965?
5
What is the units digit of 1094?
4
What is the hundreds digit of 6564?
5
What is the tens digit of 6455?
5
What is the hundreds digit of 105412?
4
What is the tens digit of 6743?
4
What is the units digit of 7080?
0
What is the thousands digit of 1105?
1
What is the units digit of 48144?
4
What is the tens digit of 128?
2
What is the hundreds digit of 32487?
4
What is the hundreds digit of 1360?
3
What is the tens digit of 20642?
4
What is the units digit of 4404?
4
What is the units digit of 27903?
3
What is the thousands digit of 4148?
4
What is the tens digit of 4025?
2
What is the hundreds digit of 472?
4
What is the tens digit of 41333?
3
What is the tens digit of 6482?
8
What is the units digit of 2172?
2
What is the hundreds digit of 63746?
7
What is the thousands digit of 24211?
4
What is the tens digit of 6698?
9
What is the tens digit of 4616?
1
What is the hundreds digit of 1136?
1
What is the units digit of 49254?
4
What is the tens digit of 1742?
4
What is the hundreds digit of 4680?
6
What is the units digit of 1433?
3
What is the thousands digit of 18449?
8
What is the ten thousands digit of 123328?
2
What is the tens digit of 21586?
8
What is the tens digit of 2724?
2
What is the tens digit of 3330?
3
What is the hundreds digit of 612?
6
What is the hundreds digit of 790?
7
What is the units digit of 3336?
6
What is the units digit of 56168?
8
What is the hundreds digit of 2205?
2
What is the tens digit of 3916?
1
What is the tens digit of 1409?
0
What is the thousands digit of 16304?
6
What is the hundreds digit of 340?
3
What is the thousands digit of 4913?
4
What is the tens digit of 2981?
8
What is the thousands digit of 3080?
3
What is the hundreds digit of 87577?
5
What is the thousands digit of 9826?
9
What is the tens digit of 12217?
1
What is the hundreds digit of 340?
3
What is the tens digit of 78553?
5
What is the units digit of 15893?
3
What is the units digit of 28950?
0
What is the tens digit of 2381?
8
What is the thousands digit of 7354?
7
What is the hundreds digit of 21469?
4
What is the thousands digit of 24376?
4
What is the hundreds digit of 7303?
3
What is the units digit of 39247?
7
What is the tens digit of 337?
3
What is the thousands digit of 23214?
3
What is the tens digit of 16696?
9
What is the units digit of 16775?
5
What is the units digit of 487?
7
What is the units digit of 6497?
7
What is the thousands digit of 60648?
0
What is the tens digit of 45334?
3
What is the thousands digit of 6169?
6
What is the thousands digit of 22356?
2
What is the thousands digit of 62339?
2
What is the units digit of 2520?
0
What is the hundreds digit of 760?
7
What is the tens digit of 771?
7
What is the tens digit of 40300?
0
What is the thousands digit of 33312?
3
What is the tens digit of 12477?
7
What is the tens digit of 3825?
2
What is the thousands digit of 3027?
3
What is the tens digit of 135390?
9
What is the units digit of 22721?
1
What is the tens digit of 1534?
3
What is the thousands digit of 156245?
6
What is the hundreds digit of 999?
9
What is the units digit of 40574?
4
What is the hundreds digit of 2506?
5
What is the units digit of 15936?
6
What is the thousands digit of 7897?
7
What is the tens digit of 16977?
7
What is the hundreds digit of 1513?
5
What is the hundreds digit of 6396?
3
What is the tens digit of 466?
6
What is the units digit of 588?
8
What is the tens digit of 13396?
9
What is the units digit of 2922?
2
What is the tens digit of 36519?
1
What is the tens digit of 985?
8
What is the thousands digit of 3470?
3
What is the units digit of 47?
7
What is the units digit of 4266?
6
What is the units digit of 780?
0
What is the hundreds digit of 5016?
0
What is the hundreds digit of 802?
8
What is the units digit of 211